{"id":1496,"date":"2020-04-11T14:31:51","date_gmt":"2020-04-11T12:31:51","guid":{"rendered":"https:\/\/www.ensis.net\/?page_id=1496"},"modified":"2021-01-21T11:14:58","modified_gmt":"2021-01-21T10:14:58","slug":"vorgehen-zum-lasern","status":"publish","type":"page","link":"https:\/\/ensis.net\/?page_id=1496","title":{"rendered":"Vorgehen zum Lasern"},"content":{"rendered":"\n<h2 class=\"wp-block-heading\">SVG Grafik erstellen<\/h2>\n\n\n\n<p>Hatch Fill aus EggBot Erweiterung<\/p>\n\n\n\n<figure class=\"wp-block-image size-large\"><img loading=\"lazy\" decoding=\"async\" width=\"581\" height=\"294\" src=\"https:\/\/www.ensis.net\/wp-content\/uploads\/2020\/04\/image.png\" alt=\"\" class=\"wp-image-1497\"\/><\/figure>\n\n\n\n<p>Hatch spacing von 0.8 bis 1.4 steps haben sich bew\u00e4hrt.<\/p>\n\n\n\n<h2 class=\"wp-block-heading\">Erzeugen von Gcode<\/h2>\n\n\n\n<p>Das Plugin von J Tech Photonics hat sich bew\u00e4hrt, brauch aber eine Nachbearbeitung der erzeugten Daten.<\/p>\n\n\n\n<figure class=\"wp-block-image size-large\"><img loading=\"lazy\" decoding=\"async\" width=\"577\" height=\"429\" src=\"https:\/\/www.ensis.net\/wp-content\/uploads\/2020\/04\/image-1.png\" alt=\"\" class=\"wp-image-1498\"\/><\/figure>\n\n\n\n<p>Travel Speed 140 &#8211; 200<br>Laser Speed 40 &#8211; 50<\/p>\n\n\n\n<p>Verzeichnis: Dropbox\\Apps\\directgrbl<\/p>\n\n\n\n<figure class=\"wp-block-image size-large\"><img loading=\"lazy\" decoding=\"async\" width=\"363\" height=\"450\" src=\"https:\/\/www.ensis.net\/wp-content\/uploads\/2020\/04\/image-2.png\" alt=\"\" class=\"wp-image-1502\"\/><figcaption>Einstellungen J Tech Photonics Plugin<\/figcaption><\/figure>\n\n\n\n<h2 class=\"wp-block-heading\">Nachbearbeitung in SublimeText<\/h2>\n\n\n\n<p>Mit ctrl-H (suchen und ersetzen) und RegEx kann der Datensatz bequem bearbeitet werden.<\/p>\n\n\n\n<h3 class=\"wp-block-heading\">Header erzeugen:<\/h3>\n\n\n\n<ul class=\"wp-block-list\"><li>M05 S0<\/li><li>G90<\/li><li>G21<\/li><\/ul>\n\n\n\n<p>Falls m\u00f6glich, ist es nat\u00fcrlich vorteilhaft, verschiedene Bl\u00f6cke f\u00fcr verschiedene Designelemente zu erzeugen. Ansonsten wird das Ganze in einem Block notiert.<\/p>\n\n\n\n<h3 class=\"wp-block-heading\">Block bereinigen:<\/h3>\n\n\n\n<ul class=\"wp-block-list\"><li><code>G0 F150<\/code> setzen<\/li><li><code>G1 F40<\/code> setzen<\/li><li>alle <code>G4 P0<\/code> entfernen (Find all)<\/li><\/ul>\n\n\n\n<h3 class=\"wp-block-heading\">Schnelle Positionierwege ersetzen:<\/h3>\n\n\n\n<p><code>G1 F200<br>G1 X42.9178 Y108.0064<\/code> muss folgendermassen aussehen (G1 <strong>muss <\/strong>zu G0 werden):<\/p>\n\n\n\n<p><code><s>G1 F200<\/s><br>G0 X42.9178 Y108.0064<\/code><\/p>\n\n\n\n<ul class=\"wp-block-list\"><li>ctrl-H<ul><li>Find: <code>G1 F200\\nG1<\/code><\/li><li>Replace: <code>G0<\/code><\/li><\/ul><\/li><\/ul>\n\n\n\n<figure class=\"wp-block-image size-large\"><img loading=\"lazy\" decoding=\"async\" width=\"605\" height=\"209\" src=\"https:\/\/www.ensis.net\/wp-content\/uploads\/2020\/04\/image-3.png\" alt=\"\" class=\"wp-image-1506\"\/><figcaption>Suchen und ersetzen<\/figcaption><\/figure>\n\n\n\n<h3 class=\"wp-block-heading\">Geschwindigkeit bei Laserpfaden entfernen<\/h3>\n\n\n\n<p><code>G1 F50.000000<br>G1 X42.8326 Y108.0915<\/code><\/p>\n\n\n\n<p>wird zu:<\/p>\n\n\n\n<p><code><s>G1 F50.000000<\/s><br>G1 X42.8326 Y108.0915<\/code><\/p>\n\n\n\n<h3 class=\"wp-block-heading\">Zum Schluss<\/h3>\n\n\n\n<ul class=\"wp-block-list\"><li>Alle \u00fcberfl\u00fcssigen F Befehle l\u00f6schen (ctrl-F)<\/li><li>M18 ganz am Schluss l\u00f6schen<\/li><li>Sicherstellen, dass der Laser aus ist (M05 S0)<\/li><li><strong>mit bCNC pr\u00fcfen<\/strong><\/li><li>weitere Informationen zu G-Code: <a href=\"https:\/\/en.wikipedia.org\/wiki\/G-code\" target=\"_blank\" rel=\"noreferrer noopener\">https:\/\/en.wikipedia.org\/wiki\/G-code<\/a><\/li><\/ul>\n\n\n\n<p><\/p>\n","protected":false},"excerpt":{"rendered":"<p>SVG Grafik erstellen Hatch Fill aus EggBot Erweiterung Hatch spacing von 0.8 bis 1.4 steps haben sich bew\u00e4hrt. Erzeugen von Gcode Das Plugin von J Tech Photonics hat sich bew\u00e4hrt, <a href=\"https:\/\/ensis.net\/?page_id=1496\" class=\"read-more inline\" title=\"Read More\">Read More<\/a><\/p>\n","protected":false},"author":1,"featured_media":1499,"parent":0,"menu_order":0,"comment_status":"closed","ping_status":"closed","template":"","meta":{"footnotes":""},"class_list":["post-1496","page","type-page","status-publish","has-post-thumbnail","hentry"],"_links":{"self":[{"href":"https:\/\/ensis.net\/index.php?rest_route=\/wp\/v2\/pages\/1496","targetHints":{"allow":["GET"]}}],"collection":[{"href":"https:\/\/ensis.net\/index.php?rest_route=\/wp\/v2\/pages"}],"about":[{"href":"https:\/\/ensis.net\/index.php?rest_route=\/wp\/v2\/types\/page"}],"author":[{"embeddable":true,"href":"https:\/\/ensis.net\/index.php?rest_route=\/wp\/v2\/users\/1"}],"replies":[{"embeddable":true,"href":"https:\/\/ensis.net\/index.php?rest_route=%2Fwp%2Fv2%2Fcomments&post=1496"}],"version-history":[{"count":13,"href":"https:\/\/ensis.net\/index.php?rest_route=\/wp\/v2\/pages\/1496\/revisions"}],"predecessor-version":[{"id":1574,"href":"https:\/\/ensis.net\/index.php?rest_route=\/wp\/v2\/pages\/1496\/revisions\/1574"}],"wp:featuredmedia":[{"embeddable":true,"href":"https:\/\/ensis.net\/index.php?rest_route=\/wp\/v2\/media\/1499"}],"wp:attachment":[{"href":"https:\/\/ensis.net\/index.php?rest_route=%2Fwp%2Fv2%2Fmedia&parent=1496"}],"curies":[{"name":"wp","href":"https:\/\/api.w.org\/{rel}","templated":true}]}}